[INFO] fetching crate panini 0.0.0...
[INFO] checking panini-0.0.0 against master#af3c6e733a40e671550e0f0f5aeecaa13772ba56 for pr-74989
[INFO] extracting crate panini 0.0.0 into /workspace/builds/worker-12/source
[INFO] validating manifest of crates.io crate panini 0.0.0 on toolchain af3c6e733a40e671550e0f0f5aeecaa13772ba56
[INFO] running `Command { std: "/workspace/cargo-home/bin/cargo" "+af3c6e733a40e671550e0f0f5aeecaa13772ba56" "read-manifest" "--manifest-path" "Cargo.toml", kill_on_drop: false }`
[INFO] started tweaking crates.io crate panini 0.0.0
[INFO] finished tweaking crates.io crate panini 0.0.0
[INFO] tweaked toml for crates.io crate panini 0.0.0 written to /workspace/builds/worker-12/source/Cargo.toml
[INFO] running `Command { std: "/workspace/cargo-home/bin/cargo" "+af3c6e733a40e671550e0f0f5aeecaa13772ba56" "generate-lockfile" "--manifest-path" "Cargo.toml" "-Zno-index-update", kill_on_drop: false }`
[INFO] running `Command { std: "/workspace/cargo-home/bin/cargo" "+af3c6e733a40e671550e0f0f5aeecaa13772ba56" "fetch" "--locked" "--manifest-path" "Cargo.toml", kill_on_drop: false }`
[INFO] running `Command { std: "docker" "create" "-v" "/var/lib/crater-agent-workspace/builds/worker-12/target:/opt/rustwide/target:rw,Z" "-v" "/var/lib/crater-agent-workspace/builds/worker-12/source:/opt/rustwide/workdir:ro,Z" "-v" "/var/lib/crater-agent-workspace/cargo-home:/opt/rustwide/cargo-home:ro,Z" "-v" "/var/lib/crater-agent-workspace/rustup-home:/opt/rustwide/rustup-home:ro,Z" "-e" "SOURCE_DIR=/opt/rustwide/workdir" "-e" "CARGO_TARGET_DIR=/opt/rustwide/target" "-e" "CARGO_HOME=/opt/rustwide/cargo-home" "-e" "RUSTUP_HOME=/opt/rustwide/rustup-home" "-w" "/opt/rustwide/workdir" "-m" "1610612736" "--user" "0:0" "--network" "none" "rustops/crates-build-env@sha256:d92eaeed33fa75130ca1ee6c8a01d1ffb62bac859dfdfb3450e3e5d1c0146529" "/opt/rustwide/cargo-home/bin/cargo" "+af3c6e733a40e671550e0f0f5aeecaa13772ba56" "metadata" "--no-deps" "--format-version=1", kill_on_drop: false }`
[INFO] [stderr] WARNING: Your kernel does not support swap limit capabilities or the cgroup is not mounted. Memory limited without swap.
[INFO] [stdout] c87cc9652040b147e3dc1736fd4776f9d8d8b241429149c23b0882401c50dea4
[INFO] running `Command { std: "docker" "start" "-a" "c87cc9652040b147e3dc1736fd4776f9d8d8b241429149c23b0882401c50dea4", kill_on_drop: false }`
[INFO] running `Command { std: "docker" "inspect" "c87cc9652040b147e3dc1736fd4776f9d8d8b241429149c23b0882401c50dea4", kill_on_drop: false }`
[INFO] running `Command { std: "docker" "rm" "-f" "c87cc9652040b147e3dc1736fd4776f9d8d8b241429149c23b0882401c50dea4", kill_on_drop: false }`
[INFO] [stdout] c87cc9652040b147e3dc1736fd4776f9d8d8b241429149c23b0882401c50dea4
[INFO] running `Command { std: "docker" "create" "-v" "/var/lib/crater-agent-workspace/builds/worker-12/target:/opt/rustwide/target:rw,Z" "-v" "/var/lib/crater-agent-workspace/builds/worker-12/source:/opt/rustwide/workdir:ro,Z" "-v" "/var/lib/crater-agent-workspace/cargo-home:/opt/rustwide/cargo-home:ro,Z" "-v" "/var/lib/crater-agent-workspace/rustup-home:/opt/rustwide/rustup-home:ro,Z" "-e" "SOURCE_DIR=/opt/rustwide/workdir" "-e" "CARGO_TARGET_DIR=/opt/rustwide/target" "-e" "CARGO_INCREMENTAL=0" "-e" "RUST_BACKTRACE=full" "-e" "RUSTFLAGS=--cap-lints=forbid" "-e" "CARGO_HOME=/opt/rustwide/cargo-home" "-e" "RUSTUP_HOME=/opt/rustwide/rustup-home" "-w" "/opt/rustwide/workdir" "-m" "1610612736" "--user" "0:0" "--network" "none" "rustops/crates-build-env@sha256:d92eaeed33fa75130ca1ee6c8a01d1ffb62bac859dfdfb3450e3e5d1c0146529" "/opt/rustwide/cargo-home/bin/cargo" "+af3c6e733a40e671550e0f0f5aeecaa13772ba56" "check" "--frozen" "--all" "--all-targets" "--message-format=json", kill_on_drop: false }`
[INFO] [stdout] 8cb92af1d729af8bdacd5d7c395172d7cfa00bed6342babea9d361e6e4cc285f
[INFO] [stderr] WARNING: Your kernel does not support swap limit capabilities or the cgroup is not mounted. Memory limited without swap.
[INFO] running `Command { std: "docker" "start" "-a" "8cb92af1d729af8bdacd5d7c395172d7cfa00bed6342babea9d361e6e4cc285f", kill_on_drop: false }`
[INFO] [stderr]    Compiling num-traits v0.2.12
[INFO] [stderr]    Compiling num-integer v0.1.43
[INFO] [stderr]    Compiling num-bigint v0.2.6
[INFO] [stderr]    Compiling num-iter v0.1.41
[INFO] [stderr]    Compiling num-rational v0.2.4
[INFO] [stderr]    Compiling num-complex v0.2.4
[INFO] [stderr]     Checking bit-matrix v0.2.0
[INFO] [stderr]    Compiling serde v1.0.116
[INFO] [stderr]    Compiling serde_derive v1.0.116
[INFO] [stderr]     Checking humantime v1.3.0
[INFO] [stderr]    Compiling proc-macro2 v1.0.21
[INFO] [stderr]     Checking aho-corasick v0.7.13
[INFO] [stderr]     Checking log v0.4.11
[INFO] [stderr]     Checking cfg v0.3.0
[INFO] [stderr]    Compiling quote v1.0.7
[INFO] [stderr]    Compiling syn v1.0.40
[INFO] [stderr]     Checking regex v1.3.9
[INFO] [stderr]     Checking env_logger v0.7.1
[INFO] [stderr]     Checking num v0.2.1
[INFO] [stderr]    Compiling num-derive v0.3.2
[INFO] [stderr]     Checking bit-vec v0.6.2
[INFO] [stderr]     Checking optional v0.5.0
[INFO] [stderr]     Checking bit-matrix v0.6.0
[INFO] [stderr]     Checking cfg v0.5.0
[INFO] [stderr]     Checking gearley v0.0.4
[INFO] [stderr]     Checking panini v0.0.0 (/opt/rustwide/workdir)
[INFO] [stdout] error[E0433]: failed to resolve: could not find `depth_first` in `forest`
[INFO] [stdout]  --> src/lib.rs:7:30
[INFO] [stdout]   |
[INFO] [stdout] 7 |     pub use gearley::forest::depth_first::node::NodeInner::*;
[INFO] [stdout]   |                              ^^^^^^^^^^^ could not find `depth_first` in `forest`
[INFO] [stdout] 
[INFO] [stdout] 
[INFO] [stdout] error[E0433]: failed to resolve: could not find `depth_first` in `forest`
[INFO] [stdout]   --> src/lib.rs:17:26
[INFO] [stdout]    |
[INFO] [stdout] 17 | pub use gearley::forest::depth_first::cartesian_product::CartesianProduct;
[INFO] [stdout]    |                          ^^^^^^^^^^^ could not find `depth_first` in `forest`
[INFO] [stdout] 
[INFO] [stdout] 
[INFO] [stdout] error[E0432]: unresolved import `gearley::forest::Traversal`
[INFO] [stdout]   --> src/lib.rs:16:43
[INFO] [stdout]    |
[INFO] [stdout] 16 | pub use gearley::forest::{Forest, Bocage, Traversal, NullForest};
[INFO] [stdout]    |                                           ^^^^^^^^^
[INFO] [stdout]    |                                           |
[INFO] [stdout]    |                                           no `Traversal` in `forest`
[INFO] [stdout]    |                                           help: a similar name exists in the module: `traverse`
[INFO] [stdout] 
[INFO] [stdout] 
[INFO] [stdout] error[E0433]: failed to resolve: could not find `util` in `gearley`
[INFO] [stdout]   --> src/lib.rs:27:18
[INFO] [stdout]    |
[INFO] [stdout] 27 | pub use gearley::util::slice_builder::SliceBuilder;
[INFO] [stdout]    |                  ^^^^ could not find `util` in `gearley`
[INFO] [stdout] 
[INFO] [stdout] 
[INFO] [stdout] error[E0432]: unresolved import `gearley::forest::depth_first`
[INFO] [stdout]   --> src/lib.rs:18:26
[INFO] [stdout]    |
[INFO] [stdout] 18 | pub use gearley::forest::depth_first::{
[INFO] [stdout]    |                          ^^^^^^^^^^^ could not find `depth_first` in `forest`
[INFO] [stdout] 
[INFO] [stdout] 
[INFO] [stdout] error[E0433]: failed to resolve: could not find `depth_first` in `forest`
[INFO] [stdout]  --> src/lib.rs:7:30
[INFO] [stdout]   |
[INFO] [stdout] 7 |     pub use gearley::forest::depth_first::node::NodeInner::*;
[INFO] [stdout]   |                              ^^^^^^^^^^^ could not find `depth_first` in `forest`
[INFO] [stdout] 
[INFO] [stdout] 
[INFO] [stdout] error[E0433]: failed to resolve: could not find `depth_first` in `forest`
[INFO] [stdout]   --> src/lib.rs:17:26
[INFO] [stdout]    |
[INFO] [stdout] 17 | pub use gearley::forest::depth_first::cartesian_product::CartesianProduct;
[INFO] [stdout]    |                          ^^^^^^^^^^^ could not find `depth_first` in `forest`
[INFO] [stdout] 
[INFO] [stdout] 
[INFO] [stdout] error[E0432]: unresolved import `gearley::forest::Traversal`
[INFO] [stdout]   --> src/lib.rs:16:43
[INFO] [stdout]    |
[INFO] [stdout] 16 | pub use gearley::forest::{Forest, Bocage, Traversal, NullForest};
[INFO] [stdout]    |                                           ^^^^^^^^^
[INFO] [stdout]    |                                           |
[INFO] [stdout]    |                                           no `Traversal` in `forest`
[INFO] [stdout]    |                                           help: a similar name exists in the module: `traverse`
[INFO] [stdout] 
[INFO] [stdout] 
[INFO] [stdout] error[E0433]: failed to resolve: could not find `util` in `gearley`
[INFO] [stdout]   --> src/lib.rs:27:18
[INFO] [stdout]    |
[INFO] [stdout] 27 | pub use gearley::util::slice_builder::SliceBuilder;
[INFO] [stdout]    |                  ^^^^ could not find `util` in `gearley`
[INFO] [stdout] 
[INFO] [stdout] 
[INFO] [stdout] error[E0432]: unresolved import `gearley::forest::depth_first`
[INFO] [stdout]   --> src/lib.rs:18:26
[INFO] [stdout]    |
[INFO] [stdout] 18 | pub use gearley::forest::depth_first::{
[INFO] [stdout]    |                          ^^^^^^^^^^^ could not find `depth_first` in `forest`
[INFO] [stdout] 
[INFO] [stdout] 
[INFO] [stdout] error[E0107]: wrong number of lifetime arguments: expected 0, found 1
[INFO] [stdout]   --> src/lib.rs:56:21
[INFO] [stdout]    |
[INFO] [stdout] 56 |     where F: Forest<'f>
[INFO] [stdout]    |                     ^^ unexpected lifetime argument
[INFO] [stdout] 
[INFO] [stdout] 
[INFO] [stdout] error[E0107]: wrong number of lifetime arguments: expected 1, found 2
[INFO] [stdout]   --> src/lib.rs:53:33
[INFO] [stdout]    |
[INFO] [stdout] 53 |     recognizer: &Recognizer<'f, 'f, F>,
[INFO] [stdout]    |                                 ^^ unexpected lifetime argument
[INFO] [stdout] 
[INFO] [stdout] 
[INFO] [stdout] error[E0107]: wrong number of lifetime arguments: expected 0, found 1
[INFO] [stdout]   --> src/lib.rs:56:21
[INFO] [stdout]    |
[INFO] [stdout] 56 |     where F: Forest<'f>
[INFO] [stdout]    |                     ^^ unexpected lifetime argument
[INFO] [stdout] 
[INFO] [stdout] 
[INFO] [stdout] error[E0107]: wrong number of lifetime arguments: expected 1, found 2
[INFO] [stdout]   --> src/lib.rs:53:33
[INFO] [stdout]    |
[INFO] [stdout] 53 |     recognizer: &Recognizer<'f, 'f, F>,
[INFO] [stdout]    |                                 ^^ unexpected lifetime argument
[INFO] [stdout] 
[INFO] [stdout] 
[INFO] [stdout] error: aborting due to 7 previous errors
[INFO] [stdout] 
[INFO] [stdout] 
[INFO] [stdout] Some errors have detailed explanations: E0107, E0432, E0433.
[INFO] [stdout] 
[INFO] [stdout] For more information about an error, try `rustc --explain E0107`.
[INFO] [stdout] 
[INFO] [stdout] error: aborting due to 7 previous errors
[INFO] [stdout] 
[INFO] [stdout] 
[INFO] [stdout] Some errors have detailed explanations: E0107, E0432, E0433.
[INFO] [stdout] 
[INFO] [stdout] For more information about an error, try `rustc --explain E0107`.
[INFO] [stdout] 
[INFO] [stderr] error: could not compile `panini`.
[INFO] [stderr] 
[INFO] [stderr] To learn more, run the command again with --verbose.
[INFO] [stderr] warning: build failed, waiting for other jobs to finish...
[INFO] [stderr] error: build failed
[INFO] running `Command { std: "docker" "inspect" "8cb92af1d729af8bdacd5d7c395172d7cfa00bed6342babea9d361e6e4cc285f", kill_on_drop: false }`
[INFO] running `Command { std: "docker" "rm" "-f" "8cb92af1d729af8bdacd5d7c395172d7cfa00bed6342babea9d361e6e4cc285f", kill_on_drop: false }`
[INFO] [stdout] 8cb92af1d729af8bdacd5d7c395172d7cfa00bed6342babea9d361e6e4cc285f
